 54*m - 56. Calculate the remainder when 1156 is divided by o(1).
45
Let s(v) = 161*v**2 + 169*v - 27. Calculate the remainder when s(-10) is divided by 7.
5
Suppose -4*g + 204 + 59 = -3*w, -5*w = -2*g + 149. Suppose 20536 = 592*a + 6920. Calculate the remainder when g is divided by a.
16
Let p = -10037 + 10066. Suppose 3*g - 4*w - 109 = 0, 3*g - w - 58 = 57. Let n = -21 + g. What is the remainder when p is divided by n?
11
Let l be (-1)/(-6)*6 + -212. Let f = l - -374. What is the remainder when f is divided by 50?
13
Let c(q) = -6*q**2 + 37*q - 25. Calculate the remainder when 1976 is divided by c(5).
6
Suppose -529*t + 1084*t - 435 = 540*t. Calculate the remainder when 421 is divided by t.
15
Let i = -149 - -157. Let v(f) = -4*f + 10. Suppose -9 = 4*r + 7, -4*d = 5*r + 12. What is the remainder when i is divided by v(d)?
0
Suppose 0 = -2*h + 13*h + 3*h - 70. Let n(k) = -2*k - 7. What is the remainder when h is divided by n(-5)?
2
Suppose 5*k - 203 = -2*w, k = 3*w + 1 + 26. Suppose -5*s + 46 = -k. Calculate the remainder when 268 is divided by s.
13
Let i(s) = -76*s + 1. Let b(x) = 2*x + 5. Let j(t) = t - 2. Let c(d) = -b(d) + 3*j(d). Let z be c(10). Calculate the remainder when i(z) is divided by 20.
17
Let r(w) = 19*w - 14*w - 23*w - 9. Let n be r(-2). Suppose o = i + 13, 3*i = -3*o + 5*o - n. What is the remainder when 141 is divided by o?
9
What is the remainder when 372 is divided by (-1143)/(-6)*13/65 + (-7)/70?
30
Suppose 0 = -3*t - t + 172. Calculate the remainder when t is divided by (9*21/(-126))/((-1)/2).
1
Suppose 313*d = -515*d + 304*d + 34060. Calculate the remainder when 2728 is divided by d.
63
What is the remainder when 11 + (416 - (-1 + -17)) is divided by 9?
4
Let n(s) = 4*s**2 + 120*s + 1174. Calculate the remainder when n(-10) is divided by 74.
4
Suppose 0 = -3*r - 3*o + 5652, 3*r = -r - 2*o + 7532. Suppose -6*l = -l - 60. Calculate the remainder when r/l - 2/(-12) is divided by 40.
37
Let q(u) = -6*u + 7. Suppose -4*d = 5*r - 126, -5*d + 5*r + 101 + 34 = 0. Let n = d - 32. What is the remainder when q(n) is divided by 10?
5
Suppose -5*r - 50 = -120. Suppose 111 + 99 = r*x. What is the remainder when 86 is divided by x?
11
Suppose -919 = -2*w + 5*u, -27*u = -4*w - 24*u + 1803. What is the remainder when w is divided by 24?
15
Let p = -77 + 270. Suppose -4*k = -263 - p. Let q = 148 - k. Calculate the remainder when 235 is divided by q.
31
Let x(k) = k**2 - 6*k - 12. Let q be x(7). Let j be (-3 - (-3 - -1))*(q + 1). Suppose 3*s = -j*s + 49. Calculate the remainder when 19 is divided by s.
5
Let i(z) = 1437*z - 5732. Suppose 3*x + 3 = -0*x, -5*j + 261 = 4*x. Calculate the remainder when j is divided by i(4).
5
Let j = 33 + -24. Let a(v) = -v + 6. Let z be a(3). Suppose z*l = 40 + 89. What is the remainder when l is divided by j?
7
Let f = 323 - 320. Suppose -120 = -f*a - a + 4*j, -4*j = -2*a + 70. What is the remainder when 221 is divided by a?
21
Let w(f) = 2*f + 35. What is the remainder when (-118)/(-5) - (-4)/10 is divided by w(-15)?
4
Calculate the remainder when 1340 is divided by (-20)/(-500) - 9598/(-50).
188
Let p(i) = 2*i**3 + 11*i**2 - 70*i + 55. Calculate the remainder when p(10) is divided by 17.
7
Let a(r) be the first derivative of r**4/4 + 6*r**3 + 19*r**2 + 24*r - 26. What is the remainder when a(-15) is divided by 22?
19
Let r = 106 + -55. Suppose -i = 2*f - 173, 0 = -4*i + f + 84 + 599. Suppose i = 5*x + r. Calculate the remainder when 117 is divided by x.
21
Suppose 46*s = 61*s - 330. Suppose 29*h - 8218 = s*h. What is the remainder when h is divided by 28?
26
Let p be (24/(-54))/(4/78)*-45. Let s = -225 + p. What is the remainder when s is divided by 42?
39
Suppose -5*v = -k - 4, k + 2*v = -3*k + 6. Let z be 6/k*(-5 + 4)/3. What is the remainder when 6 is divided by 5 - ((-1)/z)/(1/(-2))?
0
Suppose 29*t - 31*t = 0. Suppose 2*b - 5*b = t, 3*v = -b. Suppose v = 3*u - 43 - 80. Calculate the remainder when u is divided by 22.
19
Let d(c) = -22*c - 215. What is the remainder when 27*(1 - (-58)/18)*3 is divided by d(-12)?
48
Let s = 442 - 423. Suppose 0 = -3*y - 4*h - 2 - 0, 5*h + 20 = 5*y. Calculate the remainder when 3075/33 - y/11 is divided by s.
17
Suppose -169 = -3*d - v, 4*d + 4*v - 283 + 55 = 0. Suppose -z + d = 42. What is the remainder when 151 is divided by z?
11
What is the remainder when ((-30)/14)/(273/(-237146)) + 8/14 is divided by 9?
8
Suppose 2*f = -2*f - 4*k + 28, 5*f = 3*k + 35. Suppose -f*q + 80 = -2*q. Let g = q - 6. Calculate the remainder when g is divided by 6.
4
Suppose 0 = -20*a - 26 + 66. Suppose 3*u - 4*u = -17. Calculate the remainder when u is divided by a.
1
Let q be 3/(-1)*(-56)/21. Suppose -10*z - 2 = -q*z. What is the remainder when -2 - (-89 - (2 - z)) is divided by 24?
18
Let j(g) = -6*g - 12 + g**3 + g**2 + 6*g**2 + 8. Let y be j(-7). Suppose -3*h = 5*k - y, 5*h + k - 86 = 4*k. What is the remainder when 30 is divided by h?
14
Suppose 950 = 6*c - c. Suppose -8*f - 2*g = -11*f - 281, 2*f - 4*g = -c. Calculate the remainder when (4 + (-56)/12)*f is divided by 21.
20
Suppose -c = -0*c - 118 - 1821. What is the remainder when c is divided by 50?
39
Let f(j) = 5*j**2 + 3*j - 178. Calculate the remainder when 1983 is divided by f(8).
157
Let r(j) = j**3 - 2*j**2 - 25*j + 9. Let q be r(6). Suppose -10*y + 264 = -346. Calculate the remainder when y is divided by q*(-6)/(-4)*2.
7
What is the remainder when 1362 is divided by -159*(1 - (-10)/(-6))*56/16?
249
Suppose 5*l = h + 33 + 114, 4*h - 108 = -4*l. Suppose 4 = 3*s - l. Suppose 10*u - s*u = -30. What is the remainder when 119 is divided by u?
29
Let j(n) = 72*n - 49. Let q be j(-2). Let p = -181 - q. Calculate the remainder when 65 is divided by p.
5
Let v(k) = -k - 3. Calculate the remainder when (4 + -8 - -2) + 166 is divided by v(-10).
3
Suppose 7*t - 2*t = -75. Let u(d) = -d**3 - 14*d**2 + 15*d - 6. Let n be u(t). Let k = 28 + n. Calculate the remainder when k is divided by 7.
1
Let k(h) = -227*h**2 + h - 1. Let j be k(1). Let p = -3240 + 3644. Let l = j + p. What is the remainder when l is divided by 36?
33
Let o = 371 + -303. Let t = 25 - 25. Suppose -2*f - 2*f + 2*m + 98 = t, -130 = -5*f + 5*m. Calculate the remainder when o is divided by f.
22
Let r = -5167 + 6188. What is the remainder when r is divided by 1003?
18
Let h(k) = k**2 + 5*k + 11. Let t be h(-8). Let w = t + -6. Suppose y = -o + w, -3*y = -o - 7*y + 26. Calculate the remainder when 59 is divided by o.
29
Suppose -c + 68 = f, -f - 4*c + 76 = c. Suppose -2*k = 4*r - 16, 4*k - 3*r + 8*r = 29. What is the remainder when (-1)/((-4)/f) + (-45)/(-90) is divided by k?
5
Let i(j) = -390*j - 10. Let x be i(-1). Suppose -3*h - x = -467. Calculate the remainder when h is divided by 5.
4
Suppose 36*o + 15242 - 158846 = 0. Calculate the remainder when o is divided by 105.
104
Suppose -5*v = -5*i - 5, -6 = -3*i + 9. Suppose 0 = v*g + 2*g - 56. What is the remainder when 12 is divided by g?
5
Let u be (-8 + 10)/2 + 9. What is the remainder when 4 is divided by (14 - 146/10)/((-3)/u)?
0
Let j be 4*(4/6 + 9/(-54)). Let d(t) = 14*t**2 - 4*t + 1. Calculate the remainder when d(j) is divided by (-26)/(-6) - (-5)/(30/4).
4
Suppose 2*g + 4*w = 4*g - 92, 2*g = -4*w + 52. Calculate the remainder when 72 is divided by g.
0
Let d = -70665 - -70696. Let h = 152 - 62. Calculate the remainder when h is divided by d.
28
Let r = -26 - -34. Let k(z) = z**3 - 9*z**2 + 9*z - 5. What is the remainder when ((-2 - 4)*1)/(30/(-80)) is divided by k(r)?
1
Suppose -3*y = -6*y - 6. Let k be ((-18)/y)/(5/(-470)). What is the remainder when 0 + k/(-14) + 6/(-14) is divided by 21?
18
Let h = -40808 - -41086. Calculate the remainder when h is divided by 122.
34
Let g(o) be the second derivative of 1/20*o**5 + 0 + 1/2*o**2 + 1/6*o**4 + 25*o - 13/6*o**3. What is the remainder when 61 is divided by g(-4)?
19
Let p(a) = 779*a - 2091. What is the remainder when p(11) is divided by 2153?
19
Let u(w) = 68*w - 124. Suppose 4*f - 6*f + 2*h = 6, 20 = 5*f + 2*h. Suppose -d + 21 = -24. Calculate the remainder when d is divided by u(f).
9
Suppose 0 = -12*o - 5*o + 3060. Let r = -157 + o. What is the remainder when r is divided by 5?
3
Let v be (-3)/(-2)*23/((-161)/(-798)). Let u = 226 - v. What is the remainder